(c) = -7*h(c) - 5*l(c). Determine x(-6).
5
Let p(l) be the second derivative of l**4/4 + 4*l**3/3 - 3*l. Let j(y) = 4*y**2 + 9*y. Let a(u) = -4*j(u) + 5*p(u). Let z = 14 - 11. Determine a(z).
3
Let g(h) be the third derivative of -h**6/120 - h**5/15 + h**4/6 + h**3/6 - 27*h**2 + 5*h. What is g(-4)?
-15
Let o(a) = a + 7. Let h = -8 + 13. Let m = 127 + -123. Suppose -20 = h*n, m*n + 26 = -k - n. What is o(k)?
1
Let z(k) = -8*k**2 + 4*k - 3. Let i(r) = -7*r**2 + 3*r - 3. Let f(y) = 7*i(y) - 6*z(y). Let s(d) = -d**2 - 8*d - 9. Let o be s(-7). Give f(o).
-1
Let o(w) be the third derivative of w**4/24 + w**3/2 + 4*w**2. Suppose -10*m = -9*m - 8. Let f = m + -5. Give o(f).
6
Let c(v) be the first derivative of -v**4/4 + v**2 - 3*v + 332. Determine c(-3).
18
Suppose 0 = 2*y - 3*y. Suppose y = f + 2. Let g(s) = -s**3 + s**2 + 3*s + 2. Calculate g(f).
8
Let s(v) = v**2 + 9*v + 10. Suppose -3*a = -4*h + 17, 4*a + 31 = -4*h - 1. Determine s(a).
-4
Let r(b) = -5*b + 15. Let k(v) = -v + 1. Let s(c) = -6*k(c) + r(c). Determine s(4).
13
Let w(s) be the first derivative of -2*s**3 - 2*s**2 - 2*s - 6. Let r = -2 - 0. Give w(r).
-18
Suppose -4*n + f = -4, 6*f - 2 = -2*n + 3*f. Let w(q) be the second derivative of -q**5/20 + q**3/6 - q**2/2 + 2*q. What is w(n)?
-1
Let w(c) = -c**2 + c + 1. Let x(y) be the second derivative of -1/20*y**5 + 0 + 5/2*y**2 + 1/6*y**4 - 1/3*y**3 - 5*y. Let a(f) = -3*w(f) + x(f). Calculate a(3).
5
Let t(c) = 2*c**3 + c - 1. Let b(f) = 11*f**3 + 9*f**2 - 5*f + 2. Let v(w) = -b(w) + 5*t(w). Give v(-10).
-7
Let l(o) be the first derivative of -4*o**3/3 + 3*o**2/2 - 3*o + 13. Let q(t) = -t**3 - t**2. Let m(s) = -l(s) + 2*q(s). Suppose 6*j - 6 = 3*j. Calculate m(j).
-11
Let l(t) = 9*t**2 - 7*t + 9. Let a(h) = 4*h**2 + h + 2. Let z(y) = -2*a(y) + l(y). Let m be ((-6)/(-9))/((-2)/(-21)). Give z(m).
-9
Let v(s) = 16*s + 23. Let j(r) = -11*r - 22. Let b(d) = -3*j(d) - 2*v(d). Determine b(-11).
9
Suppose 3*s - 2*j = -7*j - 53, 5*s + 5*j + 85 = 0. Let m(w) = -w**2 - 14*w + 25. Calculate m(s).
-7
Let a be ((-2)/7)/((-1)/7). Suppose 4*v - 5*q = 55, 2*v + 4*q - 28 = -a*v. Let f(r) = -5 + 5 + v - r**2. Calculate f(0).
10
Let i(d) = 145*d - 724. Let h be i(5). Let t(l) be the third derivative of l**2 - 1/6*l**3 + 0*l**4 + 0*l - 11/60*l**5 + 0. What is t(h)?
-12
Let n(a) = 6*a - 1. Let x(g) = -g + 8. Let i be x(5). Let f(y) = 5*y - 2. Let r(k) = -3*k**2 - 5*k - 2. Let m be r(-2). Let b(h) = i*n(h) + m*f(h). Give b(4).
-3
Let g(o) = -17*o + 4. Let c(f) = -12*f + 1. Let r(q) = 23*q - 2. Let k(u) = -11*c(u) - 6*r(u). Let m(w) = -4*g(w) + 11*k(w). What is m(-5)?
-15
Let a(w) = -w**2 + 5*w - 4. Let b be (-2)/(-8) - (-266)/56. Suppose -2*u - 1 = q - 4, -b*q - 4*u - 9 = 0. Let f be (-39)/(-15) + (-2)/q. Determine a(f).
2
Let z(i) = 4*i**2 + 20*i - 20. Let h be z(-6). Let s(c) = -c**2 + 4*c. Determine s(h).
0
Let q = -29 - -66. Let h = q + -32. Let a(o) = 5*o**2 - 1 + 5 - o**3 + 1. Determine a(h).
5
Let i(g) be the third derivative of -g**4/8 + 7*g**3/6 - 3*g**2 - 5. Calculate i(12).
-29
Let o(v) = 0*v**3 - 2*v**2 - 3*v**3 - 15*v + 0*v**2 - 2*v**2 + 13*v - 2. Give o(-3).
49
Let n(b) be the third derivative of b**5/60 - 13*b**4/24 + 7*b**3/3 - 402*b**2. What is n(12)?
2
Let y = 1321 - 1314. Let q(j) = -j**2 + 5*j - 10. Determine q(y).
-24
Let n(x) be the second derivative of x**3/2 - 11*x**2 + 30*x. What is n(9)?
5
Let v = -306 - -304. Let h(u) be the second derivative of -u**4/4 - u**3/3 - 3*u**2/2 + 12*u. Calculate h(v).
-11
Let l(i) = i**2 - 6*i - 10. Let o = 205 - 198. Give l(o).
-3
Let q(d) = -d**2 - 2*d + 7. Let c be q(-3). Let k = -11 + c. Let f(x) = -x - 4. Determine f(k).
3
Let m(p) = 4*p + 17. Let c(x) = x + 6. Let j(r) = 7*c(r) - 2*m(r). Determine j(9).
-1
Let b(n) = n**2 + 6*n - 6. Let u be (-9)/30*4*30/(-12). Suppose 4*q + 40 = -o - u*o, -25 = o + 4*q. Determine b(o).
-11
Let h(a) = 7*a + 3. Let u be 3/1 - (3 + (-10)/5). Let d be (2 + (-4)/3)*3. Suppose 0 = d*g + 6 - u. Calculate h(g).
-11
Let x(u) be the third derivative of -1/60*u**6 - 32*u**2 + 0*u + 0 + 0*u**5 + 1/6*u**3 - 1/24*u**4. Give x(2).
-17
Let x be 70/4*6/15. Let j(u) = 6*u + 0*u + 0*u**2 - x - 6*u**2 + u**3 + 0*u**2. Determine j(5).
-2
Let d be (-1)/3 + (-15)/(-45). Let i(u) = u**3 - 2*u**2 + 8 + 2*u**2 - u**2. Calculate i(d).
8
Let a be 4/6 + 36/27. Let l(g) = 1 - 4 + g**a - 4*g - 4 + 3. Let k(o) = -o**2 - 4*o + 2. Let r be k(-3). What is l(r)?
1
Let s(n) = -n + 2. Let h be 8/52 + 2 + 50/13. Give s(h).
-4
Let u(x) = -2*x**3 - 3*x**2 - 3*x + 4. Let g be ((-36)/(-21))/6 - (-322)/(-98). What is u(g)?
40
Let k(n) = 2*n - 3. Let i be 3/(-30)*-4 - 186/15. Let x be 3 + 2 - (-3)/(i/(-4)). What is k(x)?
9
Let p(z) = -6*z + 5. Let h(i) = -7*i + 6. Let f(k) = 2*h(k) - 3*p(k). Suppose 4*y = -20, -2*a = a + 3*y + 9. Calculate f(a).
5
Let l(v) = -6*v**2 - 4*v + 7. Let w(m) be the second derivative of 5*m**4/12 + 2*m**3/3 - 3*m**2 - 19*m. Let u(x) = 6*l(x) + 7*w(x). Calculate u(2).
4
Let l be (-5)/(8/(1 + 7)). Let y(j) = -j**3 - 5*j**2 - 5*j - 11. Give y(l).
14
Let b(s) be the second derivative of 0*s**2 - 24*s + 0*s**3 + 0*s**4 + 1/5*s**5 + 0. Determine b(-1).
-4
Let i(m) = 17*m**2 + 15*m - 14. Let a(j) = -12*j**2 - 10*j + 9. Let r(g) = -7*a(g) - 5*i(g). Calculate r(-5).
7
Let u(x) be the first derivative of 8 - 2*x**2 - 6 + x**2 + 3 + 7*x. Give u(5).
-3
Let g(w) = -3*w**2 + 3*w + 4. Let u(o) = 2*o**2 + o - 3. Suppose -25 + 17 = 4*k. Let c be u(k). Suppose -c*n - 3 = 9, 27 = 5*t - 3*n. What is g(t)?
-14
Suppose -5*p + 4*r - 25 = 10, r - 35 = 5*p. Let n(q) = -q**3 - 6*q**2 + 5*q - 10. Calculate n(p).
4
Let d be 2/(-1 + (-20)/(-12)). Suppose -2 = d*v + 4*a, 3*a + 7 + 9 = 5*v. Let l(i) = -8*i + 20*i - v*i - 1 - 9*i. Give l(-1).
-2
Let h = 35 - 33. Let y(i) = 1 - 2*i - 4 + h*i - 5*i**2 + 3*i. Calculate y(2).
-17
Let z(p) = 10*p + 37. Let o(b) = 7*b + 25. Let s(q) = -7*o(q) + 5*z(q). Suppose 0 = -2*c - 12. Determine s(c).
4
Let s(o) = o**3 - 5*o**2 - 6*o - 6. Let p(m) = 0 - 4*m + 0 + m. Let l be p(-4). Let t = 18 - l. Give s(t).
-6
Let t(f) = f**3 + f**2 - 2*f + 3. Let v(w) = -w + 12. Let g be v(10). What is t(g)?
11
Suppose -2*m - 4*z + 50 = 0, 3*z - 63 = -5*m + 97. Let p = 38 - m. Suppose p*c + 5*i = -2*c + 30, -i + 3 = 0. Let l(w) = w**3 - 3*w**2 + w - 3. Give l(c).
0
Let u(k) = 8*k - 111. Let j be u(18). Let n(v) = v**3 - 31*v**2 - 68*v + 66. Give n(j).
0
Let o = 18 - 27. Let x(f) = f**3 + 9*f**2 - f - 3. Determine x(o).
6
Let t be (-4 + -14)*(0 - (-3)/(-9)). Let c(w) = -2*w**2 + 17*w - 11. Let g(x) = -x**2 + 9*x - 6. Let b(v) = -3*c(v) + 5*g(v). What is b(t)?
3
Let m(p) = 0 - p + 0 - 1. Suppose -8*n + 3*n + 21 = s, -9 = -n - 5*s. Suppose -2*d - 8 = -n*i, 4*d - i = 2*i - 11. Determine m(d).
1
Let n(z) = z**2 - 7*z. Let j be (120/70 - -4) + 2/7. What is n(j)?
-6
Let k = -608 + 615. Let q(u) = -u + 3. Give q(k).
-4
Let m(t) = -t**2 - t + 6. Let g be 4 - (-1 - 3*(-1)/1). Let s be (-2 - -2)*(g - (1 - -2)). Determine m(s).
6
Suppose 3*d = -0*d + 3*l + 12, d = 5*l - 16. Let a(t) = 3*t**2 + 11*t. Let x(k) = 13*k**2 + 45*k - 1. Let q(o) = d*a(o) - 2*x(o). Calculate q(-6).
-16
Let d(f) = -12*f - 3. Let x(p) = p**3 + 20*p**2 + 38*p + 34. Let i be x(-18). Give d(i).
21
Suppose 3*o = -3, -43 + 51 = v - o. Let j(q) = -q + 6. Let c(s) = -s + 6. Let w(k) = 4*c(k) - 3*j(k). Calculate w(v).
-1
Suppose -5 + 15 = 5*a. Let m(k) be the third derivative of -1/60*k**6 - 19*k**2 + 0*k + 1/15*k**5 - 1/3*k**3 - 1/12*k**4 + 0. Give m(a).
-6
Let r = 192 - 203. Let j(k) = -k**3 - 12*k**2 - 13*k - 18. Calculate j(r).
4
Let x(c) be the second derivative of -c**3 + c**2/2 - 44*c. Calculate x(1).
-5
Let w(s) be the first derivative of 1/3*s**3 + 0*s - 1/120*s**5 + 0*s**2 - 5 + 5/24*s**4. Let o(r) be the third derivative of w(r). Give o(-5).
10
Let d(m) = 28*m - 11. Let a(c) = 14*c - 5. Let i(w) = 13*a(w) - 6*d(w). Let u(o) = o. Let p(k) = k + 2. Let j(f) = p(f) - 2*u(f). Let n be j(3). What is i(n)?
-13
Let c(m) be the second derivative of m**7/840 + m**6/90 + m**5/120 - m**4/12 - m**3/2 - 6*m. Let u(o) be the second derivative of c(o). What is u(-3)?
4
Let p(s) = -8*s - 3. Let b be (72/30)/((-2)/30). Let c = b + 34. Calculate p(c).
13
Let g(c) = -c**2 + 5*c + 2. Let o = -82 - -89. Give g(o).
-12
Let z(j) = j + 17. Let q be z(